d/10)/(3/(-80)))/(-1)?
2, 5
Let b(r) = -21*r**2 - 3*r + 6999. What are the prime factors of b(0)?
3, 2333
Suppose -35*u = -34*u - 4*c - 6787, -3*c + 6766 = u. What are the prime factors of u?
5, 271
Let p be -3 + 1 + 9/3. List the prime factors of -538*p*(-4)/8.
269
Let k(y) = 27003*y**3 + 6*y**2 + 2*y - 6. What are the prime factors of k(1)?
5, 11, 491
Suppose -3*q + 34671 = 3*v, 22*q - 4*v = 25*q - 34670. What are the prime factors of q?
2, 5779
Let o(r) = 108*r**2 + 11*r - 1. Let b(d) = -107*d**2 - 12*d + 1. Let q(v) = 6*b(v) + 7*o(v). List the prime factors of q(2).
3, 5, 31
Let w(c) = 4*c**2 - 2326 - 2*c - 3*c**2 + 2489 + 2*c**3. Let i be w(0). Let p = -128 + i. What are the prime factors of p?
5, 7
Let a be 3/((-45)/(-6)) + (-162)/30. What are the prime factors of 2/((a - -5) + (-8)/(-4276))?
1069
Let v(b) = 281*b + 18. Let i be v(-4). Let m = i + 1721. List the prime factors of m.
3, 5, 41
What are the prime factors of ((3 + 4 + -4)/9)/((-2)/(-85038))?
14173
Suppose -13768 = -d + 5*s, 0 = -3*d + 33*s - 29*s + 41381. What are the prime factors of d?
3, 43, 107
Let n be 4/26 - (-728)/(-338). What are the prime factors of (-1)/((-1447)/(-724) + n)?
2, 181
What are the prime factors of 2 + 20/(-16) + (-751825)/(-100)?
73, 103
Let j = 4134 + 2571. List the prime factors of j.
3, 5, 149
Suppose -b + 103 = 5*v, 3*v + 70 = 5*b - 305. Suppose 4*q + 3*f - 5420 = 0, 0 = -2*q - 4*f - b + 2778. Suppose 19*y - 26*y + q = 0. List the prime factors of y.
2, 97
Let q(g) = 7*g**2 + 4*g - 4. Let a(m) = m + 6. Let v be a(-2). Let y be q(v). Let f = -66 + y. List the prime factors of f.
2, 29
Suppose -6*f + 1 = -5*f. Suppose -p = -f + 5. Let b = p - -82. What are the prime factors of b?
2, 3, 13
Let z = -106 + 108. Let n be (-10)/3*(9/5 - 3). Suppose -u - n*g + z = -17, -2*g = -5*u + 7. What are the prime factors of u?
3
Suppose -5945 = -5*o - u, 5*o - 7*u = -3*u + 5970. Suppose o = -28*k + 33*k. List the prime factors of k.
2, 7, 17
Let k = 2441 - 2438. Suppose -4*p = 8, -5*v + 1 = -5*p - 9. Suppose -5*x - 3*g + 811 = 106, v = 2*x + k*g - 273. What are the prime factors of x?
2, 3
Let o(y) = y**3 + 13*y**2 - 27*y - 13. Let g be o(-14). Suppose s - 4*u = 306, 4*u = -4*s + 3*s + 338. Let w = s - g. List the prime factors of w.
3, 17
Let x(d) = -3*d + 52. Let a be x(16). Let f(k) = -k**2 + 10*k + 3. Let g be f(10). Suppose a*j = g*j + 45. List the prime factors of j.
3, 5
Suppose 53*j = 1293213 - 308155. What are the prime factors of j?
2, 9293
Let r(d) = -11*d - 3. Let v = 13 + -11. Let w(g) = 12*g + 4. Let o(k) = v*r(k) + 3*w(k). What are the prime factors of o(10)?
2, 73
Suppose 0 = -15*q + 10*q + 7205. Suppose -2*h = 8, -2*z + 4*h = 3*z - q. Suppose 2*r - z = -27. List the prime factors of r.
3, 43
Let v be ((-1)/2)/(3/(-78)). Suppose -2*s + 85 = -5*k, -3*k = 5*s + 7 + v. What are the prime factors of 6*((-316)/(-60) - 6/k)?
2, 17
What are the prime factors of 116/(6/3)*51298/728*14?
29, 1973
Let p = 64 + -53. Suppose p*y = -564 + 2456. List the prime factors of y.
2, 43
Let c(s) be the third derivative of s**5/60 - 5*s**4/12 + 253*s**3/6 + 261*s**2. List the prime factors of c(-33).
2, 11, 19
Let t(i) = -i**2 + 8*i. Let x be t(5). Let n be 6 + -4 + (2 - x). List the prime factors of n + 14 - 78/(-2).
2, 3, 7
Let s(c) = 5*c**3 + c**2 + 2*c + 1. Let h be s(3). Let i(x) = 19*x + 3. Let j be i(4). Let z = h - j. List the prime factors of z.
2, 3
Let w be (-9 + 11)/(((-10)/(-4))/5). Suppose -11*o + 1377 = -7*o - a, w = -4*a. What are the prime factors of o?
2, 43
Suppose 0 = -5*f + 40 - 35. List the prime factors of (-5 - -9) + f + -1 - -443.
3, 149
Suppose 6*a + 4*a = -30. Let j(t) = -t**2 - 4*t + 2. Let w be j(a). Suppose -133 = -w*z + 222. List the prime factors of z.
71
Let n(c) = -c**3 + 14*c**2 - 43*c + 46. Let y be n(6). Suppose 3*b = 3*t + 6, b - 5*t + 4 = -2. List the prime factors of y/(-6)*(b + -10).
2, 19
Let r(j) = -14*j + 329. Let w(t) = t - 3. Let x(z) = r(z) + 3*w(z). List the prime factors of x(23).
67
Let t be 5 + -11 + (1 - -3). What are the prime factors of 2 + (-1 + t - 5586/(-6))?
2, 3, 5, 31
Suppose -5 - 19 = 6*f. Let j be 4*20/f + 0. List the prime factors of (-2)/4 + 33*j/(-8).
2, 41
Suppose -4*h - 371 + 4987 = 0. Let o = -639 + h. List the prime factors of o.
5, 103
Suppose 7*j - 5*j + 60 = 0. Let o = j + 35. Let x(m) = 4*m + 26. List the prime factors of x(o).
2, 23
What are the prime factors of 18/((-108)/(-68934)) - (-1 + -3)?
3, 1277
Suppose 706 = 5*r - 489. Let k = r - 120. Suppose -2*b = -21 - k. List the prime factors of b.
2, 5, 7
Let q(r) = -r**2 - r + 2. Suppose -2*i - 3*k + 5 = -0*i, -3*k + 11 = -i. Let x be q(i). Suppose 6*z = -x*z + 1242. List the prime factors of z.
3, 23
Let w = -52 - -50. Suppose 13*n = 8*n + 10. List the prime factors of (-4 + n - -60) + w.
2, 7
Let v(f) = 7*f - 7*f**2 - 3*f**3 + 2*f**3 + 19513 - 19496. What are the prime factors of v(-11)?
2, 53
Suppose p + 5*v - 523 = 0, -v + 516 = p - 3*v. Suppose -p = -5*g + 3*a, 0*g - 4*a - 196 = -2*g. Let z = 115 - g. What are the prime factors of z?
3
Let a be (40/100)/((-2)/(-5340)*2). Let k(f) = -3*f**2 + 16*f - 13. Let x be k(14). Let w = x + a. List the prime factors of w.
157
Let v(h) = -44*h - 34. Let k(a) = 13*a - 24. Let s be k(1). What are the prime factors of v(s)?
2, 3, 5
Suppose 2*y + 2*q = 27580, 37*y - 32*y - 68901 = 2*q. List the prime factors of y.
7, 11, 179
What are the prime factors of (4547*-1)/((-1)/3) - (31 - 31)?
3, 4547
Let d(z) = -13*z. Let b be d(-3). Let c = -35 + b. List the prime factors of 15/(-10) + 166/c.
2, 5
Let i(s) = 6*s**3 - 2*s**2 + 2*s. Let q = -49 - -50. Let c be i(q). Suppose -c*z + 11*z - 605 = 0. What are the prime factors of z?
11
What are the prime factors of (-1908414)/(-5310)*(-30)/((-2)/1)?
3, 599
Let o(k) be the second derivative of 11*k**3/3 - 33*k**2/2 - 19*k. Let l be o(12). Let i = -69 + l. List the prime factors of i.
2, 3
Suppose -11*j + 18*j = 420271 + 89539. List the prime factors of j.
2, 5, 7283
Let r = 12 + -31. Let o be (1 - (-80)/(-50))/((-2)/390). Let x = r + o. What are the prime factors of x?
2, 7
Suppose 4*n - 2*i - 21 - 1 = 0, -5*n + 25 = -5*i. Suppose -236 - 1774 = -n*p. List the prime factors of p.
5, 67
Suppose 5*b + 18 = -4*b. Let g(q) = -114*q**3 + q**2 - 3*q - 2. Let u be g(b). Suppose 4*a + u = 12*a. List the prime factors of a.
5, 23
Let j(o) = 32*o**2 + 54*o - 1925. List the prime factors of j(37).
3, 14627
Suppose 44 = -5*v + 5*l - 1396, 0 = -4*v - 5*l - 1161. Let o = 90 - v. List the prime factors of o.
379
Let u(p) = p + 7. Let f(z) = -z + 14. Let m be f(17). Let a be u(m). Suppose -a*q + 7*q = 150. What are the prime factors of q?
2, 5
Suppose -3835 = -23*y + 15347. List the prime factors of y.
2, 3, 139
Suppose -1520 = -4*v + 4*y, 7*v - 3*v - 1517 = y. Let g = -22 + v. What are the prime factors of g?
3, 7, 17
Suppose 8*n + 765513 + 2799 = 32*n. List the prime factors of n.
3, 3557
Let p(b) = -1034*b + 98. List the prime factors of p(-5).
2, 3, 439
Let t be 0 + 9/3 + 0. Let g(s) = -s**2 + 5*s - 6. Let u be g(t). What are the prime factors of u + 3 + 42 + 8?
53
Let i = 122 + -115. Suppose -i*r = -1869 - 91. What are the prime factors of r?
2, 5, 7
Let y = 7 + -7. Suppose -p - 23 = -5*g - 4*p, y = g - 5*p + 1. Suppose n = g*k + 82, -276 - 134 = -5*n - 2*k. What are the prime factors of n?
2, 41
Let s(r) = -18017*r + 9. Let a be s(1). List the prime factors of (-1)/(a/2572 - -7).
643
Let l(k) = 86*k**2 + 2*k + 34. What are the prime factors of l(7)?
2, 2131
Let w(t) = 301*t + 79. Let m be w(-2). Let j = -443 - m. List the prime factors of j.
2, 5
Suppose 60*v + 64288 - 778048 = 0. What are the prime factors of v?
2, 1487
Let c(a) = 18*a**3 + 8*a**2 - 8*a. Let x be c(1). List the prime factors of x/(-45) - (-6156)/15.
2, 5, 41
Let s(o) be the first derivative of -90*o**2 + 9*o - 64. List the prime factors of s(-3).
3, 61
Suppose 62*i = 69*i. Suppose -53*r + 69*r - 25680 = i. What are the prime factors of r?
3, 5, 107
Suppose 0 = g + 135 - 1211. Suppose -15*b = g - 11111. List the prime factors of b.
3, 223
Suppose -86 - 83 = -b. Let m = b - 247. Let s = 160 + m. List the prime factors of s.
2, 41
Let r(j) = 11*j**3 - 2*j + 8. Let p be r(2). Suppose -b + 139 - 33 = 0. Let d = b + 